
Is 6551093 a multiple of 53?
False
Does 1090 divide 948185550?
True
Is 16 a factor of 4240718?
False
Does 3785 divide 1727905583?
False
Is 1813 a factor of 69701510?
False
Is 14 a factor of 32129648?
False
Is 699982166 a multiple of 2758?
False
Does 227 divide 52709363?
False
Is 1262830 a multiple of 254?
False
Is 31 a factor of 29558669?
False
Is 25991789 a multiple of 2?
False
Is 28 a factor of 5384372?
True
Is 126048636 a multiple of 54?
True
Does 214 divide 3495825890?
True
Is 146 a factor of 199865226?
False
Does 1165 divide 1161960515?
True
Does 1392 divide 4864023840?
True
Is 12 a factor of 1211646216?
True
Is 295936845 a multiple of 307?
False
Is 11726880 a multiple of 32?
True
Is 3699459 a multiple of 2?
False
Is 409920476 a multiple of 129?
False
Does 8 divide 226638984?
True
Is 1272958424 a multiple of 28?
False
Is 1594191376 a multiple of 3540?
False
Is 277 a factor of 60358577?
True
Does 147 divide 1824640101?
False
Is 19421 a multiple of 3?
False
Is 74031847 a multiple of 4?
False
Is 830610528 a multiple of 2046?
True
Is 330 a factor of 619652220?
True
Is 1920156615 a multiple of 559?
True
Is 464 a factor of 17630144?
True
Is 1042227212 a multiple of 52?
True
Does 1320 divide 1611989280?
True
Is 23 a factor of 102250226?
True
Is 110 a factor of 193955959?
False
Is 45 a factor of 81625230?
True
Does 18 divide 6554718?
True
Does 1387 divide 112384449?
True
Is 31 a factor of 149903018?
False
Is 5292 a factor of 3350155402?
False
Does 15 divide 74872541?
False
Is 237368892 a multiple of 6?
True
Is 21 a factor of 5477211490?
False
Is 909 a factor of 653874256?
False
Is 662305124 a multiple of 1435?
False
Is 46864705 a multiple of 475?
False
Is 653 a factor of 435340283?
False
Does 73 divide 103532364?
False
Does 44 divide 226625429?
False
Is 126270024 a multiple of 344?
False
Is 400650276 a multiple of 579?
False
Is 4 a factor of 17182134?
False
Is 120299837 a multiple of 630?
False
Is 21799942 a multiple of 2?
True
Is 128550590 a multiple of 70?
True
Does 870 divide 1710552240?
True
Is 3412 a factor of 71425916?
False
Does 263 divide 2350370594?
False
Is 142 a factor of 294800662?
True
Is 170296067 a multiple of 231?
False
Is 43 a factor of 315481927?
True
Does 104 divide 612273826?
False
Does 93 divide 622670898?
True
Is 159211587 a multiple of 8?
False
Is 2503792 a multiple of 7?
False
Is 23 a factor of 13255739?
False
Is 8398751400 a multiple of 4419?
True
Is 101976493 a multiple of 115?
False
Is 45455647 a multiple of 983?
False
Is 579 a factor of 57296682?
True
Is 66 a factor of 44834248?
False
Is 1974270750 a multiple of 191?
False
Is 33461470 a multiple of 665?
True
Is 247280933 a multiple of 2827?
False
Is 10 a factor of 141539230?
True
Is 2829 a factor of 4943649?
False
Is 133 a factor of 16168702?
False
Does 303 divide 22174460?
False
Is 4803960 a multiple of 710?
False
Is 78 a factor of 532134018?
True
Does 45 divide 92539602?
False
Is 2184 a factor of 59470320?
True
Is 15919702 a multiple of 227?
False
Is 598325147 a multiple of 6?
False
Is 24 a factor of 43954008?
True
Does 10 divide 174777180?
True
Does 6 divide 6694626?
True
Is 25768125 a multiple of 15?
True
Is 4305 a factor of 1808293725?
True
Does 83 divide 28173437?
True
Is 434281111 a multiple of 15?
False
Is 64217175 a multiple of 15?
True
Does 72 divide 5131872?
True
Is 24 a factor of 17953992?
True
Is 230 a factor of 13394818?
False
Does 231 divide 36728307?
True
Is 1624 a factor of 132495664?
True
Is 64 a factor of 9378944?
True
Does 3097 divide 336707?
False
Does 176 divide 45802934?
False
Is 22615960 a multiple of 1370?
True
Does 234 divide 291126420?
True
Is 90825407 a multiple of 331?
True
Is 866407566 a multiple of 145?
False
Is 245322936 a multiple of 72?
True
Does 7 divide 1792350?
True
Is 29 a factor of 18719084?
False
Is 10113 a factor of 836092275?
True
Does 45 divide 270005760?
True
Is 12 a factor of 405891814?
False
Is 510 a factor of 56980720?
False
Is 8274135278 a multiple of 14?
False
Is 33 a factor of 153541707?
True
Is 231632610 a multiple of 13?
False
Does 7269 divide 273619698?
True
Is 2418942 a multiple of 9?
False
Is 6185410941 a multiple of 1131?
False
Is 1922813975 a multiple of 357?
False
Is 430349528 a multiple of 66?
False
Does 22 divide 12864796?
False
Does 2131 divide 703593941?
False
Is 1234866990 a multiple of 14?
True
Is 76 a factor of 1483502807?
False
Is 5104868 a multiple of 78?
False
Is 188 a factor of 1578779444?
True
Is 25 a factor of 39699175?
True
Does 3507 divide 67695015?
False
Does 2612 divide 1525496808?
True
Is 203001524 a multiple of 89?
True
Is 375256077 a multiple of 12?
False
Does 1333 divide 139486076?
False
Is 2781973419 a multiple of 2679?
False
Is 15 a factor of 26329965?
True
Is 17 a factor of 88608148?
True
Does 6516 divide 685222560?
True
Is 306833232 a multiple of 22?
False
Does 2830 divide 1688837250?
False
Is 3940484564 a multiple of 6134?
False
Is 15 a factor of 19668420?
True
Is 584 a factor of 2734582336?
True
Does 130 divide 41184882?
False
Is 5462500 a multiple of 230?
True
Does 2136 divide 4552349557?
False
Is 633 a factor of 167405079?
True
Is 2402 a factor of 265661200?
True
Does 226 divide 394196658?
True
Does 4824 divide 1544474206?
False
Is 3114072 a multiple of 312?
True
Does 19 divide 50088705?
False
Is 228 a factor of 38705508?
True
Is 8 a factor of 31235864?
True
Does 202 divide 11146360?
True
Is 14 a factor of 11121915?
False
Does 213 divide 156414846?
True
Is 197635855 a multiple of 1324?
False
Is 57 a factor of 199001421?
True
Is 4 a factor of 44617392?
True
Is 2821 a factor of 77484407?
True
Is 733 a factor of 3119648?
True
Is 2407212154 a multiple of 3192?
False
Does 7 divide 12499136?
False
Is 257694933 a multiple of 633?
True
Is 6267910 a multiple of 209?
True
Is 210420739 a multiple of 754?
False
Is 4673612138 a multiple of 1909?
False
Is 169224723 a multiple of 272?
False
Is 164 a factor of 8708767?
False
Is 1257529878 a multiple of 198?
True
Is 59947173 a multiple of 1521?
True
Is 270260669 a multiple of 2600?
False
Is 86823376 a multiple of 44?
False
Does 42 divide 1107832614?
True
Does 46 divide 20020672?
True
Does 3420 divide 472347950?
False
Is 44217800 a multiple of 88?
True
Is 1160 a factor of 42697280?
True
Does 713 divide 6796316?
True
Is 5417 a factor of 2838730097?
True
Is 6 a factor of 413387682?
True
Does 655 divide 3879359330?
True
Is 342 a factor of 48238043?
False
Is 183818808 a multiple of 72?
True
Does 301 divide 22513899?
False
Is 31896440 a multiple of 135?
False
Is 101 a factor of 44560527?
False
Does 22 divide 35236092?
False
Is 43 a factor of 2851855546?
True
Does 8 divide 11790802?
False
Is 1747 a factor of 380197415?
False
Does 11 divide 94276497?
False
Does 11 divide 5244492?
True
Is 58368470 a multiple of 1730?
True
Does 17 divide 13345216?
False
Does 193 divide 44853237?
False
Is 1534 a factor of 28604068?
False
Does 80 divide 5948480?
True
Is 8108370 a multiple of 1593?
True
Is 249781104 a multiple of 19?
False
Is 629 a factor of 49583441?
True
Does 2903 divide 532956711?
False
Is 32132989 a multiple of 2?
False
Does 69 divide 29305985?
False
Does 579 divide 35874840?
True
Is 123381878 a multiple of 43?
True
Is 15026558 a multiple of 18?
False
Is 126562818 a multiple of 301?
False
Does 286 divide 801659202?
False
Does 565 divide 233473183?
False
Is 242417186 a multiple of 1346?
False
Is 12 a factor of 165720216?
True
Is 477374088 a multiple of 522?
False
Is 1677763316 a multiple of 1004?
True
Is 810 a factor of 75245305?
False
Does 313 divide 54096416?
True
Does 3076 divide 45447209?
False
Is 197 a factor of 394693983?
False
Is 187 a factor of 128843561?
True
Is 76757876 a multiple of 334?
True
Does 230 divide 540434680?
True
Is 3642832906 a multiple of 19?
False
Is 144162680 a multiple of 12?
False
Is 1500 a factor of 444156000?
True
Is 7538879 a multiple of 53?
True
Does 87 divide 106026030?
True
Does 724 divide 1566580340?
True
Is 34 a factor of 3449383?
False
Is 24 a factor of 1794052798?
False
Does 334 divide 30544300?
True
Is 822 a factor of 1979863446?
True
Is 16 a factor of 1074767976?
False
Is 297122292 a multiple of 13?
False
Is 4 a factor of 11128351?
False
Does 62 divide 53683878?
True
Is 46 a factor of 19700788?
True
Is 622 a factor